?
3, 11
Suppose 7*q + 8748 = 16*q. Let i = q + -623. What are the prime factors of i?
349
Suppose -4*a - 5*k = 76 + 16, 3*a + 58 = -k. Let r(p) = -p**3 - 16*p**2 + 20*p + 5. What are the prime factors of r(a)?
293
Let x(q) = 2*q**3 + 4*q**2 + 2*q + 3. Let n be x(-4). Let w be 1*(n + 8/(-4)). Let h = w - -144. List the prime factors of h.
73
Suppose 2*b = -b + 21. Let z be (-397)/b + 5/(105/(-6)). Let a = z - -60. List the prime factors of a.
3
Let s be (24/(-9))/((-3)/(27/6)). Let w be (-3 - -4) + (4 - s) + 20. Suppose -w*m + 27*m - 1302 = 0. What are the prime factors of m?
7, 31
Suppose -5*y + 11258 = 4*n, -4*y = -4*n - 4837 - 4155. Suppose 3*q = y + 234. What are the prime factors of q?
2, 3, 23
Let b be (17 + 37)*(-39)/(-6). What are the prime factors of (b/12)/(4/16)?
3, 13
Let c = 89 - 81. Suppose 4*u + 4*s - c = 6*u, -4 = -2*s. What are the prime factors of 1*155 - (8 - (5 - u))?
2, 19
Suppose 2*z = -1684 - 618. Let m = -600 - z. What are the prime factors of m?
19, 29
Let u(y) = -912*y - 2556. List the prime factors of u(-25).
2, 3, 7, 241
Suppose 32*o + 212666 = -13*o + 656321. List the prime factors of o.
9859
Let h(f) be the second derivative of 7*f + 7/2*f**2 + 65/6*f**4 + f**3 + 0. What are the prime factors of h(-1)?
131
What are the prime factors of 4/(-3) + (-1303380)/(-351)?
2, 29
Let w(u) = 3756*u - 16. What are the prime factors of w(3)?
2, 29, 97
Suppose 0 = 6*c - c - 20. Suppose -c*p = 96 + 48. What are the prime factors of (3 + (-26)/6)*(p + 0)?
2, 3
Let t be (3 - (4 - 5))*288/4. What are the prime factors of 5 + -1 - (0 + (-2 - t))?
2, 3, 7
Suppose -5*k - 70 = -45, 4*k = -2*c + 76100. What are the prime factors of c?
2, 5, 11, 173
Let y(v) = -4*v**3 + 12*v**2 - 5*v + 1. Let a(n) = -7*n**3 + 25*n**2 - 11*n + 1. Let o(l) = 3*a(l) - 5*y(l). List the prime factors of o(14).
2, 41
Suppose -32*c + 56 = -24*c. Suppose 3*p - b = 1446, -974 = -2*p + c*b - 3*b. What are the prime factors of p?
13, 37
Let q(c) = -2*c + 36. Let u be q(20). List the prime factors of (u - 66/(-9))/(2/69).
5, 23
Suppose -3*x + 18*x - 138184 = -16279. What are the prime factors of x?
3, 7, 43
Let j(k) be the second derivative of 17*k**4/12 + 2*k**3 - 19*k**2/2 - 74*k. List the prime factors of j(-7).
2, 5, 73
Let y = -33550 - -79407. List the prime factors of y.
7, 6551
Let d be (-41)/(6 - 5 - (-6)/(-4)). Suppose 87*h - 280 = d*h. Let k = h + -47. What are the prime factors of k?
3
Suppose -3*r + 11*r - 61664 = -8*r. List the prime factors of r.
2, 41, 47
Let f(p) = p**2 + 4*p - 2. Let z be f(-5). Suppose 437 + 124 = -z*n - u, -4*u - 198 = n. Let s = n + 378. What are the prime factors of s?
2, 3
Suppose 3*k - 3*z = 22152, 6370 = -3*k - 2*z + 28507. What are the prime factors of k?
11, 61
Let o(d) = 25*d + 62. Let p(a) = 21*a + 56. Let k(q) = 7*o(q) - 8*p(q). Let v = 8 + 1. What are the prime factors of k(v)?
7
Suppose -3*u - 8 = -4*j, 28 - 8 = -4*j - 4*u. List the prime factors of (-303)/j - (-28 + 29).
2, 151
Suppose i + 201 = -2*w, -4*i - 437 = 4*w - 9*i. Suppose -t - 32 + 1204 = 5*z, -z + 2*t + 241 = 0. Let f = w + z. What are the prime factors of f?
2, 3, 11
What are the prime factors of (-6 - 40/(-15))/((-10)/15075)?
3, 5, 67
Suppose -3*q + 12 = -3*j, -q - 3*q + 16 = 5*j. Suppose -7*o + 11602 - 3069 = j. What are the prime factors of o?
23, 53
Let j(o) = -322*o - 4583. List the prime factors of j(-22).
41, 61
Let h(r) be the second derivative of -r**5/20 - r**4/12 - r**2/2 + 14*r. Let f be h(-2). Let n = 27 + f. List the prime factors of n.
2, 3, 5
Suppose -8*z = -16*z + 24. Let t be 0 - ((-4)/(-8))/(z/(-42)). List the prime factors of 174/t*(36 + -29).
2, 3, 29
Let i = -2 - 15. Let a be 40/6 - i/51. Suppose -2*o - 4*k = -a*o + 1172, 0 = 5*o + 5*k - 1145. What are the prime factors of o?
2, 29
Suppose -2*d - 3*w + 8801 = 0, -2*w - 50 = -12*w. List the prime factors of d.
23, 191
Suppose 11*v - 10*v = -1, -3 = -2*u + 3*v. Suppose -26*m + 1028 + 428 = u. What are the prime factors of m?
2, 7
Let g(k) = -2*k - 7. Let f be g(-7). Suppose h = -0*h + f. Suppose -1420 = -3*n - h*n. What are the prime factors of n?
2, 71
Let a be (150/40)/(3/8). Suppose 3771 = a*h - h. List the prime factors of h.
419
Suppose -42*v = -1252831 - 231449. What are the prime factors of v?
2, 3, 5, 19, 31
Let n be (3*1)/((-30)/(-20)). Let q be (n + -9)/14 - 338/(-4). List the prime factors of ((-2)/2)/(3/6) + q.
2, 41
Let d(a) = -51*a**3 + 2*a**2 - 5*a - 2. Let s(w) = -4*w - 31. Let b be s(-7). Let t be d(b). Suppose -t = -8*h - 232. List the prime factors of h.
3, 7
Let f be (-189)/(-28) + (-9)/12. Suppose -616 = -f*w - w. What are the prime factors of w?
2, 11
What are the prime factors of (-1)/14 + (-234)/(-91)*18471/12?
2, 1979
Let h(q) = q**3 + 11*q**2 - 11*q - 63. Let d be h(-8). Suppose -50 - 25 = -z. Let r = d - z. What are the prime factors of r?
2, 71
Let z(h) = 93*h**3 - 31*h**2 + 86*h - 7. What are the prime factors of z(5)?
11273
Suppose -q - 27 = -f, 0 = -3*f + q - 3*q + 61. Suppose -f = -k + 135. List the prime factors of k + 0/(0 - -3 - 1).
2, 79
Suppose 0 = -21*q - 4714 - 83297. List the prime factors of q/(-9) - 2/(-6).
2, 233
Let j = -35 - -40. Suppose c + 2*y - 10 = 0, 4*c - 15 - 13 = -j*y. Suppose v - 276 = f + 3*f, 0 = c*v + 5*f - 526. What are the prime factors of v?
2, 67
Let p(f) = 39*f**3 + f**2 + 40*f - 225. List the prime factors of p(7).
13, 17, 61
List the prime factors of ((-139208)/20)/(-2 + (1 - (-30)/50)).
17401
Let a be (48/(-36))/((-2)/6). Suppose -d - 19 = -2*c - 0*d, 0 = a*d + 20. Suppose 1625 = c*p + 526. List the prime factors of p.
157
Suppose -81*s = -88*s + 161. Suppose s*g - 11355 = 8*g. What are the prime factors of g?
757
Let f = -20 + 35. Suppose -21 = -3*u - 3*h - 2*h, -5*h + f = 0. Suppose 6*d - 14 = -3*r + 4*d, -12 = -2*r - u*d. What are the prime factors of r?
2
Suppose 0*l = -3*l - 96. Let m(u) = -u**2 + 19*u + 234. Let z be m(23). Let n = z + l. What are the prime factors of n?
2, 5, 11
Suppose 0 = -10*u - 65 - 5. What are the prime factors of -652*((-14)/u)/(-4)?
2, 163
Suppose 2*a + 214*w = 219*w + 11201, a - 5593 = w. List the prime factors of a.
2, 11, 127
Let k(q) = 25*q + 68. Let u = -329 - -338. List the prime factors of k(u).
293
Let o(c) = -41*c + 112. What are the prime factors of o(0)?
2, 7
Suppose 135*i = -33*i + 65968 + 316736. What are the prime factors of i?
2, 17, 67
Let m(a) = 390*a + 363. Let i be m(-1). Let o be (-2)/(-8) + (-734)/(-8). Let z = i + o. List the prime factors of z.
5, 13
Suppose -355 = -3*a - 4*c, 4*c + 167 = -4*a + 647. List the prime factors of 3/15 + 52725/a.
2, 211
Let a = -533 + 586. Let m(f) = 4*f**2 - 2*f - 2. Let p be m(-5). Let w = p - a. What are the prime factors of w?
5, 11
Let r(h) = 36 + 0*h - 53 - 202*h - 49. What are the prime factors of r(-4)?
2, 7, 53
Suppose -4*b = -480 - 392. Let t = b + 136. Suppose 71 = 3*p - 4*a - 414, 0 = -2*p - 5*a + t. What are the prime factors of p?
167
Let v(w) = -5 + w**3 + 21*w**2 - 5 + 2. Let m be v(-21). List the prime factors of -24*14*1/m.
2, 3, 7
Let c = 23118 - 12377. List the prime factors of c.
23, 467
Suppose -45557004 = -680*i - 11545444. List the prime factors of i.
11, 4547
Let t = -16 + 12. Let x(i) = -2*i**3 - 7*i**2 + 4*i + 2. Let s be x(t). Suppose s*h - 158 = -2*w + 6*h, -2*w + h = -152. List the prime factors of w.
3, 5
Let h = 28036 - 12604. List the prime factors of h.
2, 3, 643
Suppose 3*y = -5*w - 220, 282 = -4*y - 0*y - w. Let s = -2129 + 1971. Let v = y - s. What are the prime factors of v?
2, 11
Let g(i) = -20*i**3 + i**2 + 9*i + 2. Let b be (0 - (-10)/(-2))*296/370. List the prime factors of g(b).
2, 631
What are the prime factors of (0 + 692)*(-41)/(-2)?
2, 41, 173
Let d be (0 - (-42)/(-10))/((-7)/175). Suppose 2*v + p - d = -2*p, -5*v - 2*p + 257 = 0. Let y = 168 - v. What are the prime factors of y?
3, 13
Let t(i) = -38*i**3 - 7 + 30*i**3 - 6*i**2 - 12*i - 7*i**3. What are the prime factors of t(-3)?
2, 5, 19
Suppose -8*o + 3*o = 90. What are the prime factors of (o/4 - -5)/((-1)/(-268))?
2, 67
Suppose -q + 6*j = j - 3, -5*j + 25 = -5*q. List the prime factors of (-23)/((-548)/78 - q).
3, 13, 23
Suppose 92*c = 58*c - 149*c + 12432837. What are the prime factors of c?
67939
Suppose -10*d + 9*d = 6. What are the 